{"id":17,"date":"2013-12-16T09:59:23","date_gmt":"2013-12-16T09:59:23","guid":{"rendered":"http:\/\/fuggony-varazs.hu\/?page_id=17"},"modified":"2013-12-19T13:19:56","modified_gmt":"2013-12-19T13:19:56","slug":"elerhetoseg","status":"publish","type":"page","link":"http:\/\/fuggony-varazs.hu\/?page_id=17","title":{"rendered":"El\u00e9rhet\u0151s\u00e9g"},"content":{"rendered":"<h3>M\u00e1t\u00e9szalka Szalkai L\u00e1szl\u00f3 \u00fat 19<br \/>\nHungary<br \/>\n4700<\/h3>\n<h3>Telefon: <em>+36 70 382 99 67 ; +36 44 310 156<\/em><\/h3>\n<h3>Email:\u00a0<a>vassnefuggony@gmail.com<\/a><\/h3>\n<h3>GPS koordin\u00e1t\u00e1k: <em>X: 22,321\u00a0 Y:47,953<\/em><\/h3>\n<p style=\"text-align: left;\"><div id=\"wpgmza_map\" class=\"wpgmza_map\" data-settings='{\"id\":\"1\",\"map_title\":\"My first map\",\"map_width\":\"600\",\"map_height\":\"400\",\"map_start_lat\":\"47.951882\",\"map_start_lng\":\"22.302472\",\"map_start_location\":\"47.951881557579966,22.30247214233393\",\"map_start_zoom\":\"13\",\"default_marker\":\"\",\"type\":\"1\",\"alignment\":\"1\",\"directions_enabled\":\"0\",\"styling_enabled\":\"0\",\"styling_json\":\"\",\"active\":\"0\",\"kml\":\"\",\"bicycle\":\"0\",\"traffic\":\"0\",\"dbox\":\"0\",\"dbox_width\":\"\",\"listmarkers\":\"0\",\"listmarkers_advanced\":\"0\",\"filterbycat\":\"0\",\"ugm_enabled\":\"0\",\"fusion\":\"\",\"map_width_type\":\"px\",\"map_height_type\":\"px\",\"mass_marker_support\":\"1\",\"ugm_access\":\"0\",\"order_markers_by\":\"0\",\"order_markers_choice\":\"0\",\"show_user_location\":\"0\",\"ugm_category_enabled\":\"0\",\"default_to\":\"\",\"other_settings\":{\"transport_layer\":null}}' data-map-id='1' Data-maps-engine='' data-shortcode-attributes='{\"id\":\"1\"}' style=\"display:block; overflow:auto; width:600px; height:400px; float:left;\"><\/div><\/p>\n","protected":false},"excerpt":{"rendered":"<p>M\u00e1t\u00e9szalka Szalkai L\u00e1szl\u00f3 \u00fat 19 Hungary 4700 Telefon: +36 70 382 99 67 ; +36 44 310 156 Email:\u00a0vassnefuggony@gmail.com GPS koordin\u00e1t\u00e1k: X: 22,321\u00a0 Y:47,953<\/p>\n","protected":false},"author":1,"featured_media":0,"parent":0,"menu_order":0,"comment_status":"closed","ping_status":"closed","template":"page-full_width.php","meta":[],"_links":{"self":[{"href":"http:\/\/fuggony-varazs.hu\/index.php?rest_route=\/wp\/v2\/pages\/17"}],"collection":[{"href":"http:\/\/fuggony-varazs.hu\/index.php?rest_route=\/wp\/v2\/pages"}],"about":[{"href":"http:\/\/fuggony-varazs.hu\/index.php?rest_route=\/wp\/v2\/types\/page"}],"author":[{"embeddable":true,"href":"http:\/\/fuggony-varazs.hu\/index.php?rest_route=\/wp\/v2\/users\/1"}],"replies":[{"embeddable":true,"href":"http:\/\/fuggony-varazs.hu\/index.php?rest_route=%2Fwp%2Fv2%2Fcomments&post=17"}],"version-history":[{"count":13,"href":"http:\/\/fuggony-varazs.hu\/index.php?rest_route=\/wp\/v2\/pages\/17\/revisions"}],"predecessor-version":[{"id":251,"href":"http:\/\/fuggony-varazs.hu\/index.php?rest_route=\/wp\/v2\/pages\/17\/revisions\/251"}],"wp:attachment":[{"href":"http:\/\/fuggony-varazs.hu\/index.php?rest_route=%2Fwp%2Fv2%2Fmedia&parent=17"}],"curies":[{"name":"wp","href":"https:\/\/api.w.org\/{rel}","templated":true}]}}